iple of 9?
True
Is 3 a factor of 973973?
False
Is 14575632 a multiple of 24?
True
Is 276 a factor of 44728284?
True
Does 14 divide 679548705?
False
Is 132 a factor of 528406268?
False
Is 5762183 a multiple of 4?
False
Does 2439 divide 98528340?
False
Is 253755491 a multiple of 13?
False
Is 37 a factor of 1436037479?
False
Is 3309560732 a multiple of 1361?
False
Is 204 a factor of 589560?
True
Is 7 a factor of 45798030?
False
Does 16 divide 48327024?
True
Does 2005 divide 502947934?
False
Does 20 divide 17153704?
False
Is 1967 a factor of 798322994?
False
Does 8 divide 5042588?
False
Is 650 a factor of 42139500?
True
Does 711 divide 301603471?
False
Is 253 a factor of 199168431?
True
Is 4 a factor of 6779423?
False
Is 541095 a multiple of 37?
False
Does 578 divide 2623756438?
True
Does 43 divide 1123094228?
False
Is 60 a factor of 472636835?
False
Does 131 divide 20148787?
False
Is 982 a factor of 103509685?
False
Is 7 a factor of 387864841?
True
Is 213 a factor of 195841909?
False
Is 2786 a factor of 58579836?
False
Is 33 a factor of 70397250?
True
Is 149 a factor of 15360751?
False
Is 188387472 a multiple of 2064?
True
Is 53 a factor of 9491399?
True
Does 35 divide 118406925?
True
Is 11216133 a multiple of 154?
False
Is 1665704755 a multiple of 145?
True
Is 1135 a factor of 65728985?
True
Does 33 divide 1222321848?
True
Does 35 divide 148309490?
True
Does 34 divide 999343096?
True
Does 561 divide 31210674?
True
Does 731 divide 129242262?
True
Is 167 a factor of 205659331?
True
Does 112 divide 23333072?
True
Is 18 a factor of 4686408?
True
Does 31 divide 53361606?
False
Is 61 a factor of 1716720987?
True
Is 149716171 a multiple of 407?
True
Is 292312802 a multiple of 97?
False
Is 20838384 a multiple of 63?
True
Is 872965290 a multiple of 1379?
False
Is 253 a factor of 121689205?
True
Does 669 divide 39624853?
False
Does 18 divide 24937488?
True
Does 141 divide 345325377?
False
Is 239 a factor of 7384005?
False
Is 46 a factor of 28727736?
True
Does 4 divide 327960124?
True
Is 2327 a factor of 116853052?
False
Is 54 a factor of 1354824786?
False
Is 3581227824 a multiple of 3826?
True
Does 3959 divide 251253976?
True
Is 750 a factor of 27239250?
True
Does 3012 divide 116788767?
False
Is 2711601110 a multiple of 30?
False
Is 40 a factor of 182074095?
False
Is 29799891 a multiple of 38?
False
Does 11 divide 43969024?
True
Is 6 a factor of 8298940?
False
Does 187 divide 25897443?
True
Is 73113040 a multiple of 143?
True
Is 101 a factor of 1790761007?
True
Is 1829 a factor of 27552056?
True
Is 713 a factor of 277756781?
False
Is 3379299444 a multiple of 330?
False
Is 503027480 a multiple of 56?
False
Does 20 divide 30022652?
False
Does 26 divide 1030451849?
False
Is 357347120 a multiple of 33?
False
Is 2226 a factor of 138926944?
False
Is 168773122 a multiple of 14?
True
Is 110 a factor of 295252430?
True
Is 25 a factor of 364850?
True
Is 203887992 a multiple of 217?
True
Is 27 a factor of 50414103?
True
Does 2 divide 36235225?
False
Does 211 divide 1321515999?
True
Is 561412470 a multiple of 5?
True
Does 442 divide 12014444?
True
Is 12299161 a multiple of 301?
True
Does 63 divide 373449522?
False
Is 6471 a factor of 851010192?
False
Is 13 a factor of 1938989?
True
Does 6 divide 732029304?
True
Is 867 a factor of 42152628?
False
Is 21740268 a multiple of 161?
False
Is 7 a factor of 356574953?
True
Is 34 a factor of 102037872?
False
Is 66312186 a multiple of 83?
True
Does 7 divide 101115596?
False
Does 2 divide 504022?
True
Does 15 divide 1829707755?
True
Is 933 a factor of 55646919?
True
Is 686 a factor of 100817990?
True
Is 1570 a factor of 156757200?
False
Is 13 a factor of 36111660?
True
Is 28 a factor of 1762180?
True
Is 2356 a factor of 114507103?
False
Does 10440 divide 1598229101?
False
Does 25 divide 122080634?
False
Does 851 divide 150092572?
True
Is 38 a factor of 54692?
False
Is 1003122496 a multiple of 104?
False
Is 12 a factor of 2861474264?
False
Does 7 divide 92063957?
False
Does 239 divide 7587294?
True
Is 418213866 a multiple of 2694?
True
Is 361329832 a multiple of 68?
True
Is 284177806 a multiple of 21?
False
Is 574 a factor of 3780153916?
True
Is 596 a factor of 65523644?
True
Does 349 divide 183521541?
False
Does 60 divide 347415240?
True
Is 36835858 a multiple of 279?
False
Is 75 a factor of 4502636037?
False
Does 1592 divide 1286560472?
True
Is 612024 a multiple of 21?
True
Does 268 divide 14479071?
False
Is 766 a factor of 67085514?
True
Does 17087 divide 2832327087?
False
Is 179 a factor of 145227218?
False
Is 34350960 a multiple of 140?
True
Is 66804550 a multiple of 63?
False
Is 115818668 a multiple of 14?
True
Is 34607655 a multiple of 42?
False
Is 64181328 a multiple of 2636?
True
Is 9133184 a multiple of 179?
False
Is 1475719 a multiple of 122?
False
Does 197 divide 66109051?
False
Is 13033570 a multiple of 94?
True
Is 91190352 a multiple of 44?
True
Is 3761 a factor of 874639355?
True
Does 50 divide 114834644?
False
Is 9 a factor of 1197189675?
True
Is 1796359731 a multiple of 19?
True
Does 20 divide 1691606940?
True
Is 65759826 a multiple of 23?
False
Is 4 a factor of 451556?
True
Is 197388547 a multiple of 330?
False
Is 85 a factor of 33181790?
True
Does 9 divide 28090877?
False
Does 322 divide 4242820340?
False
Is 17 a factor of 97640663?
False
Is 14 a factor of 858547179?
False
Is 25 a factor of 6284068688?
False
Is 89 a factor of 111795303?
True
Is 36 a factor of 415688292?
True
Is 9 a factor of 32363267?
False
Is 884 a factor of 22726756?
True
Is 221 a factor of 10311226?
False
Does 7 divide 82948879?
False
Does 2065 divide 77895930?
True
Is 12438 a factor of 2053164794?
False
Does 53 divide 2402729096?
False
Is 9 a factor of 1048716162?
True
Is 565 a factor of 94619313?
False
Is 233 a factor of 371144071?
False
Is 14 a factor of 432971476?
True
Does 338 divide 201829217?
False
Is 499 a factor of 100228641?
True
Does 47 divide 51829599?
False
Does 2623 divide 2043595038?
True
Does 69 divide 665151858?
True
Is 1199008920 a multiple of 123?
True
Is 378105710 a multiple of 2540?
False
Is 131984132 a multiple of 87?
False
Is 27499794 a multiple of 94?
True
Is 28043859 a multiple of 15?
False
Is 239963532 a multiple of 46?
False
Is 958730916 a multiple of 52?
True
Is 415366560 a multiple of 210?
True
Is 750100467 a multiple of 159?
True
Is 21376480 a multiple of 493?
True
Does 67 divide 4105653887?
False
Does 6 divide 1439456185?
False
Does 44 divide 40118540?
True
Is 321238464 a multiple of 1158?
True
Is 2034 a factor of 162439973?
False
Is 8 a factor of 23023316?
False
Does 3836 divide 173015108?
True
Is 39 a factor of 28799069?
False
Is 10 a factor of 89899385?
False
Does 1160 divide 2246793560?
True
Is 7294202 a multiple of 6?
False
Is 6296 a factor of 6286529642?
False
Does 280 divide 1430443000?
True
Is 96 a factor of 2630688?
True
Does 3265 divide 166013641?
False
Does 115 divide 216911594?
False
Is 146191967 a multiple of 2848?
False
Does 566 divide 11294530?
True
Is 37 a factor of 8728567?
False
Does 79 divide 21823750?
True
Is 22409929 a multiple of 1386?
False
Is 1851 a factor of 147746820?
True
Is 5768777018 a multiple of 45?
False
Does 9 divide 89068567?
False
Does 239 divide 19649863?
True
Is 376396384 a multiple of 224?
True
Is 442 a factor of 477462544?
True
Is 4 a factor of 315267303?
False
Is 397167670 a multiple of 382?
False
Is 3477 a factor of 261870255?
True
Does 88 divide 22539352?
True
Does 69 divide 24499830?
True
Does 48 divide 14356223?
False
Is 160264166 a multiple of 111?
False
Is 5 a factor of 3240561?
False
Is 321 a factor of 58803669?
True
Is 511611435 a multiple of 1011?
False
Does 403 divide 269720611?
False
Is 11454495 a multiple of 39?
True
Is 441197949 a multiple of 382?
False
Does 19 divide 5252142?
False
Does 1062 divide 178404318?
True
Is 9 a factor of 602919?
True
Is 11341 a factor of 877498534?
True
Is 161 a factor of 192218764?
False
Does 557 divide 62179755?
False
Is 213227712 a multiple of 258?
True
Is 11 a factor of 2381336385?
False
Is 1479 a factor of 33420963?
True
Is 526 a factor of 331395883?
False
Does 1582 divide 213261510?
True
Does 5 divide 137637081?
False
Does 3523 divide 58016764?
True
Is 141549094 a multiple of 838?
True
Is 1116 a factor of 261147257?
Fals